{"id":175,"date":"2025-08-21T21:27:35","date_gmt":"2025-08-21T19:27:35","guid":{"rendered":"https:\/\/www.mizerny.cz\/?page_id=175"},"modified":"2025-10-24T14:59:37","modified_gmt":"2025-10-24T12:59:37","slug":"aktuality","status":"publish","type":"page","link":"https:\/\/www.mizerny.cz\/?page_id=175","title":{"rendered":"Posledn\u00edch 5 aktualit"},"content":{"rendered":"\n<figure class=\"wp-block-embed is-type-wp-embed is-provider-tvorba-mizern-ho-autora wp-block-embed-tvorba-mizern-ho-autora\"><div class=\"wp-block-embed__wrapper\">\n<blockquote class=\"wp-embedded-content\" data-secret=\"EoeIrAIUDN\"><a href=\"https:\/\/www.mizerny.cz\/?page_id=193\">Zamy\u0161len\u00ed nad \u0159e\u0161en\u00edm bytov\u00e9 krize<\/a><\/blockquote><iframe loading=\"lazy\" class=\"wp-embedded-content\" sandbox=\"allow-scripts\" security=\"restricted\" style=\"position: absolute; visibility: hidden;\" title=\"&#8222;Zamy\u0161len\u00ed nad \u0159e\u0161en\u00edm bytov\u00e9 krize&#8220; &#8212; Tvorba Mizern\u00e9ho Autora\" src=\"https:\/\/www.mizerny.cz\/?page_id=193&#038;embed=true#?secret=Jg9xoECLlJ#?secret=EoeIrAIUDN\" data-secret=\"EoeIrAIUDN\" width=\"600\" height=\"338\" frameborder=\"0\" marginwidth=\"0\" marginheight=\"0\" scrolling=\"no\"><\/iframe>\n<\/div><\/figure>\n\n\n\n<figure class=\"wp-block-embed is-type-wp-embed is-provider-tvorba-mizern-ho-autora wp-block-embed-tvorba-mizern-ho-autora\"><div class=\"wp-block-embed__wrapper\">\n<blockquote class=\"wp-embedded-content\" data-secret=\"26ce4uAPfv\"><a href=\"https:\/\/www.mizerny.cz\/?page_id=170\">I \u201ezl\u00fd \u010dlov\u011bk\u201c m\u016f\u017ee m\u00edt pravdu<\/a><\/blockquote><iframe loading=\"lazy\" class=\"wp-embedded-content\" sandbox=\"allow-scripts\" security=\"restricted\" style=\"position: absolute; visibility: hidden;\" title=\"&#8222;I \u201ezl\u00fd \u010dlov\u011bk\u201c m\u016f\u017ee m\u00edt pravdu&#8220; &#8212; Tvorba Mizern\u00e9ho Autora\" src=\"https:\/\/www.mizerny.cz\/?page_id=170&#038;embed=true#?secret=3Ade3atfo0#?secret=26ce4uAPfv\" data-secret=\"26ce4uAPfv\" width=\"600\" height=\"338\" frameborder=\"0\" marginwidth=\"0\" marginheight=\"0\" scrolling=\"no\"><\/iframe>\n<\/div><\/figure>\n\n\n\n<p><\/p>\n","protected":false},"excerpt":{"rendered":"","protected":false},"author":1,"featured_media":0,"parent":0,"menu_order":0,"comment_status":"closed","ping_status":"closed","template":"","meta":{"_acf_changed":false,"_monsterinsights_skip_tracking":false,"_monsterinsights_sitenote_active":false,"_monsterinsights_sitenote_note":"","_monsterinsights_sitenote_category":0,"footnotes":""},"class_list":["post-175","page","type-page","status-publish","hentry"],"acf":[],"_links":{"self":[{"href":"https:\/\/www.mizerny.cz\/index.php?rest_route=\/wp\/v2\/pages\/175","targetHints":{"allow":["GET"]}}],"collection":[{"href":"https:\/\/www.mizerny.cz\/index.php?rest_route=\/wp\/v2\/pages"}],"about":[{"href":"https:\/\/www.mizerny.cz\/index.php?rest_route=\/wp\/v2\/types\/page"}],"author":[{"embeddable":true,"href":"https:\/\/www.mizerny.cz\/index.php?rest_route=\/wp\/v2\/users\/1"}],"replies":[{"embeddable":true,"href":"https:\/\/www.mizerny.cz\/index.php?rest_route=%2Fwp%2Fv2%2Fcomments&post=175"}],"version-history":[{"count":5,"href":"https:\/\/www.mizerny.cz\/index.php?rest_route=\/wp\/v2\/pages\/175\/revisions"}],"predecessor-version":[{"id":198,"href":"https:\/\/www.mizerny.cz\/index.php?rest_route=\/wp\/v2\/pages\/175\/revisions\/198"}],"wp:attachment":[{"href":"https:\/\/www.mizerny.cz\/index.php?rest_route=%2Fwp%2Fv2%2Fmedia&parent=175"}],"curies":[{"name":"wp","href":"https:\/\/api.w.org\/{rel}","templated":true}]}}